{"id":14,"date":"2024-05-31T09:42:07","date_gmt":"2024-05-31T07:42:07","guid":{"rendered":"http:\/\/192.168.200.103:8080\/?page_id=14"},"modified":"2025-02-21T10:44:57","modified_gmt":"2025-02-21T09:44:57","slug":"a-propos-de","status":"publish","type":"page","link":"https:\/\/dystopie.art\/?page_id=14","title":{"rendered":"\u00c0 propos de"},"content":{"rendered":"\n<h3 class=\"wp-block-heading\">Un passionn\u00e9 de l&rsquo;art et de la peinture<\/h3>\n\n\n\n<p>Bienvenue sur le site de Fran\u00e7ois Roulet, un artiste peintre passionn\u00e9 qui d\u00e9die son temps libre \u00e0 la cr\u00e9ation de tableaux ainsi que des sculptures et bien d&rsquo;autre creation.<\/p>\n\n\n\n<h3 class=\"wp-block-heading\">Qui est Fran\u00e7ois Roulet ?<\/h3>\n\n\n\n<figure class=\"wp-block-image size-full\"><img loading=\"lazy\" decoding=\"async\" width=\"2560\" height=\"1440\" src=\"https:\/\/art.wedelia.ch\/wp-content\/uploads\/2024\/06\/DSC02052-scaled.jpg\" alt=\"\" class=\"wp-image-61\" srcset=\"https:\/\/dystopie.art\/wp-content\/uploads\/2024\/06\/DSC02052-scaled.jpg 2560w, https:\/\/dystopie.art\/wp-content\/uploads\/2024\/06\/DSC02052-768x432.jpg 768w, https:\/\/dystopie.art\/wp-content\/uploads\/2024\/06\/DSC02052-1536x864.jpg 1536w, https:\/\/dystopie.art\/wp-content\/uploads\/2024\/06\/DSC02052-2048x1152.jpg 2048w, https:\/\/dystopie.art\/wp-content\/uploads\/2024\/06\/DSC02052-1240x698.jpg 1240w, https:\/\/dystopie.art\/wp-content\/uploads\/2024\/06\/DSC02052-508x286.jpg 508w\" sizes=\"auto, (max-width: 2560px) 100vw, 2560px\" \/><\/figure>\n\n\n\n<p>Fran\u00e7ois Roulet, peintre autodidacte, consacre une grande partie de son temps libre \u00e0 sa v\u00e9ritable passion : l&rsquo;art de la peinture. Bien qu&rsquo;il ait suivi une formation de peintre en b\u00e2timent, c&rsquo;est dans l&rsquo;univers artistique qu&rsquo;il trouve son \u00e9panouissement et exprime pleinement sa cr\u00e9ativit\u00e9.<\/p>\n\n\n\n<h3 class=\"wp-block-heading\">La passion avant tout<\/h3>\n\n\n\n<p>Depuis toujours, Fran\u00e7ois est anim\u00e9 par une profonde passion pour l&rsquo;art. Chaque tableau qu&rsquo;il r\u00e9alise est une exploration de couleurs, de formes et d&rsquo;\u00e9motions. Inspir\u00e9 par la beaut\u00e9 de la nature, les paysages urbains et les moments de la vie quotidienne, il cherche \u00e0 capturer l&rsquo;essence de ses sujets sur la toile.<\/p>\n\n\n\n<h3 class=\"wp-block-heading\">Une d\u00e9marche artistique unique<\/h3>\n\n\n\n<p>Fran\u00e7ois Roulet s&rsquo;efforce de cr\u00e9er des \u0153uvres qui r\u00e9sonnent avec les spectateurs, invitant chacun \u00e0 voir le monde sous un nouvel angle. Son style unique m\u00eale des techniques vari\u00e9es, allant de l&rsquo;acrylique \u00e0 l&rsquo;aquarelle, et joue avec les textures et les perspectives pour donner vie \u00e0 des compositions riches et dynamiques.<\/p>\n\n\n\n<h3 class=\"wp-block-heading\">D\u00e9couvrez ses \u0153uvres<\/h3>\n\n\n\n<p>Ce site est une vitrine de ses cr\u00e9ations, vous permettant de d\u00e9couvrir et d&rsquo;acqu\u00e9rir ses tableaux. Chaque \u0153uvre pr\u00e9sent\u00e9e ici est le fruit de nombreuses heures de travail, de r\u00e9flexion et de passion.<\/p>\n\n\n\n<p>Nous vous invitons \u00e0 explorer la galerie en ligne et \u00e0 plonger dans l&rsquo;univers artistique de Fran\u00e7ois Roulet. Si une \u0153uvre vous touche particuli\u00e8rement, n&rsquo;h\u00e9sitez pas \u00e0 nous contacter pour plus d&rsquo;informations ou pour l&rsquo;acqu\u00e9rir.<\/p>\n\n\n\n<p>Merci de votre visite et de votre int\u00e9r\u00eat pour le travail de Fran\u00e7ois. Nous esp\u00e9rons que vous appr\u00e9cierez la beaut\u00e9 et la profondeur de ses tableaux autant qu&rsquo;il aime les cr\u00e9er.<\/p>\n","protected":false},"excerpt":{"rendered":"<p>Un passionn\u00e9 de l&rsquo;art et de la peinture Bienvenue sur le site de Fran\u00e7ois Roulet, un artiste peintre passionn\u00e9 qui d\u00e9die son temps libre \u00e0 la cr\u00e9ation de tableaux ainsi que des sculptures et bien d&rsquo;autre creation. Qui est Fran\u00e7ois Roulet ? Fran\u00e7ois Roulet, peintre autodidacte, consacre une grande partie de son temps libre \u00e0 [&hellip;]<\/p>\n","protected":false},"author":1,"featured_media":0,"parent":0,"menu_order":0,"comment_status":"closed","ping_status":"closed","template":"","meta":{"footnotes":""},"class_list":["post-14","page","type-page","status-publish","hentry"],"_links":{"self":[{"href":"https:\/\/dystopie.art\/index.php?rest_route=\/wp\/v2\/pages\/14","targetHints":{"allow":["GET"]}}],"collection":[{"href":"https:\/\/dystopie.art\/index.php?rest_route=\/wp\/v2\/pages"}],"about":[{"href":"https:\/\/dystopie.art\/index.php?rest_route=\/wp\/v2\/types\/page"}],"author":[{"embeddable":true,"href":"https:\/\/dystopie.art\/index.php?rest_route=\/wp\/v2\/users\/1"}],"replies":[{"embeddable":true,"href":"https:\/\/dystopie.art\/index.php?rest_route=%2Fwp%2Fv2%2Fcomments&post=14"}],"version-history":[{"count":4,"href":"https:\/\/dystopie.art\/index.php?rest_route=\/wp\/v2\/pages\/14\/revisions"}],"predecessor-version":[{"id":218,"href":"https:\/\/dystopie.art\/index.php?rest_route=\/wp\/v2\/pages\/14\/revisions\/218"}],"wp:attachment":[{"href":"https:\/\/dystopie.art\/index.php?rest_route=%2Fwp%2Fv2%2Fmedia&parent=14"}],"curies":[{"name":"wp","href":"https:\/\/api.w.org\/{rel}","templated":true}]}}